ivided by 20.
17
Calculate the remainder when (107 - 4) + (1 + 0)*-1 is divided by 15.
12
Let v(o) = -o**3 + 12*o**2 + 16*o - 20. Calculate the remainder when v(13) is divided by 6 - (1 + 0)/1.
4
Suppose -3*i - 2*y - 1 = 0, y = 5*i - 4*y + 10. Let j = i - -1. Calculate the remainder when 31 is divided by 0 - ((-2 - 9) + j).
9
Suppose -3*m = 2*b + b - 24, -4*b - 2*m = -34. Let c(u) = -5*u**3 + u**2 + u + 1. What is the remainder when b is divided by c(-1)?
3
Let o = -8 - -18. What is the remainder when 16 is divided by o?
6
Let g(v) = -27*v**3 + 2*v - 1. Let a = 0 + 1. Let f be g(a). Let w = 39 + f. Calculate the remainder when w is divided by 7.
6
Suppose -112 = 2*i - 6*i. What is the remainder when 0*(-3)/(-9) + i is divided by 15?
13
Let t(h) = h**3 - 4*h**2 - 4*h - 3. Let q be t(5). Suppose q*o - 22 = 6. Suppose o = 3*x + 2*x + 4*a, 4 = -a. Calculate the remainder when 10 is divided by x.
4
Suppose 46 = -5*r + 7*r. Calculate the remainder when 112 is divided by r.
20
Suppose 4*n - 13 = -5. Suppose -h + 37 = 3*t, -4*t + 2 + 64 = -n*h. What is the remainder when 16*5*2/4 is divided by t?
12
What is the remainder when (42/(-4))/((-5)/30 + 0) is divided by 22?
19
Suppose -i = -6*i. Suppose -5*o = -i*o - 75. What is the remainder when 267/6 + 1/(-2) is divided by o?
14
Suppose -3*c + 11 + 16 = 0. Let x = c - 11. Calculate the remainder when 49 is divided by -25*(x - (1 - 2)).
24
Let a be (-12)/(-3)*-1 + 8. Suppose -80 - 52 = -a*c. Let b(g) = -11*g**3 + g**2 - g - 1. What is the remainder when c is divided by b(-1)?
9
Let r be 3 + 91/1 - 1. Let l = r - 3. Calculate the remainder when l is divided by 23.
21
Let n = -67 + 152. Suppose 4*b = 201 - n. What is the remainder when b is divided by 10?
9
Suppose -3*n = -7 - 140. Let b = 6 - 8. What is the remainder when n is divided by -1 + 3 - -21 - b?
24
Suppose -4*k - 4*q = -68, -5*q - 32 = -2*k - 5. Calculate the remainder when 109 is divided by k.
13
Suppose 25 = -y + 42. Suppose -102 = -2*q - 4. Calculate the remainder when q is divided by y.
15
Let j = -7 - -48. Let r(k) = -k**2 - 7*k + 6. Let o be r(-7). Suppose o*m - m = 70. Calculate the remainder when j is divided by m.
13
What is the remainder when 23 - 5/((-10)/4) is divided by 13?
12
Suppose -u + 5*w + 80 = 0, 2*u + 215 = 6*u + w. What is the remainder when u is divided by 21?
13
Let m(w) = 12*w - 7. Suppose 25 = 2*d + 3*d. Suppose -32 = -d*a + 58. What is the remainder when m(5) is divided by a?
17
Calculate the remainder when 49 is divided by 24 - (-3)/3*2.
23
Calculate the remainder when 94 is divided by ((-14)/(-4))/(2*(-1)/(-28)).
45
Let r = -44 + 47. What is the remainder when 12 is divided by r?
0
Let g = 30 - 23. Calculate the remainder when 31 is divided by g.
3
Suppose 2*s - 21 = -4*j + 121, 0 = 5*s + 15. Calculate the remainder when j is divided by 19.
18
Suppose -6*f = -f - 65. Calculate the remainder when 25 is divided by f.
12
Let d(r) be the second derivative of 4*r**3/3 - 3*r. Let n = -2 + 4. Calculate the remainder when 46 is divided by d(n).
14
Suppose l = 2*l. Suppose l = x + 2*x - 36. What is the remainder when 35 is divided by x?
11
Let r(u) = u**3 - u - 12. Let h be r(0). Let g = 3 - h. Calculate the remainder when g is divided by 8.
7
Suppose 0 = -2*v - 5*t + 26, 0*v + v + t = 7. Let x = -5 - -10. What is the remainder when x is divided by v?
2
What is the remainder when ((-2)/(-3))/(16/1752) is divided by 19?
16
Let i(b) = -b - 5. Let o be i(-7). Suppose r + 12 = o*r. Let k = -52 - -87. What is the remainder when k is divided by r?
11
Let k(p) = -27*p**3 - 1. Calculate the remainder when k(-1) is divided by 7.
5
Let p(j) = 2*j + 3. Let s(l) = 4*l + 7. Let u(m) = -7*p(m) + 4*s(m). What is the remainder when 3 is divided by u(-3)?
0
Suppose q = -2*q + 6. Let u be (1 - -1)/2 - 0. Suppose -2*f = -5 - u. What is the remainder when f is divided by q?
1
Suppose 3*w - 4*p = 16, 11 = 2*w + w + p. What is the remainder when ((-58)/4)/((-2)/w) is divided by 10?
9
Suppose 3*m + 421 + 300 = 4*f, -2*f + 5*m + 343 = 0. What is the remainder when f is divided by 31?
29
Let t = 15 - 7. Suppose -4*h = -t*h + 116. Calculate the remainder when h is divided by 15.
14
Calculate the remainder when 124 is divided by 2/(-12) - 218/(-12).
16
Let o(g) be the second derivative of -g**5/2 - g**4/12 - g**3/3 - g**2/2 + g. What is the remainder when 27 is divided by o(-1)?
7
Let o(s) = -s**3 - 5*s**2 + 2*s + 1. Calculate the remainder when o(-6) is divided by 13.
12
Suppose 0 = 5*y - 2*y - 90. Calculate the remainder when 58 is divided by y.
28
What is the remainder when 65 is divided by ((-8)/6)/(18/(-459))?
31
Suppose -3*q - 181 = 5*h, 2*q + 0 = -4. Let g = 1 - h. What is the remainder when 28 is divided by ((-5)/(-3))/(6/g)?
8
Let p(j) = 2*j + 5. Suppose k - 5 = -0. What is the remainder when 28 is divided by p(k)?
13
Let p = 10 - -13. Calculate the remainder when p is divided by 13.
10
Suppose -3*a - 3 = -9. Suppose 0*c = c. Suppose -3*s + 2*u + 35 = -c*u, -4*s + a*u + 44 = 0. What is the remainder when 17 is divided by s?
8
Suppose 6*k - 21 = 3*k. Calculate the remainder when k is divided by -1*(-2 - -7)/(-1).
2
Let o(d) = d**3 - 5*d**2 - 5*d + 3. Calculate the remainder when o(6) is divided by 2*((-60)/(-25) - 2/5).
1
Let v(h) = -6*h - 9. What is the remainder when 28 is divided by v(-4)?
13
Calculate the remainder when 31 is divided by ((-198)/(-9))/((-2)/(-1)).
9
Suppose h + 0*h - 6 = 0. Let o(i) = -2*i - 23. Calculate the remainder when o(-22) is divided by h.
3
Calculate the remainder when (-5)/(15/6)*(-117)/18 is divided by 5.
3
Let r = 112 - -77. Suppose 0*f = -f + r. Suppose 0*g + 3*g = 2*y - 137, 3*y + g = f. Calculate the remainder when y is divided by 22.
20
Let k = 103 + -58. What is the remainder when 23 is divided by 16/(-3)*k/(-20)?
11
Let q be 28/(-12) + (-4)/6. Calculate the remainder when -2 + q + 3 + 8 is divided by 4.
2
Suppose -4*v = 20, -68 = -2*f + 4*v + 36. What is the remainder when f is divided by 9?
6
Suppose 3*g - 5*w - 33 = 2*g, -5*g = w - 113. Suppose 0 = -2*m - 0*m + 3*i + 7, 4*i - 52 = -5*m. What is the remainder when g is divided by m?
7
Suppose -181 = -6*j - 19. Calculate the remainder when j is divided by 14.
13
Let c = -19 + 29. Suppose 0 = -j + c + 13. Let k = 2 - -6. What is the remainder when j is divided by k?
7
Let c = -53 + 82. Calculate the remainder when c is divided by 3*16/18*3.
5
Let z be (-3 + 6)/(6/(-4)). What is the remainder when 7 is divided by ((-3)/z)/(6/12)?
1
Let u(b) = -6*b**3 - b**2 + 1. Let s be u(-1). Suppose -s*n - 85 = -4*i - 3*n, 3*n = 3. Calculate the remainder when i is divided by 8.
6
Let y(u) = u**3 + 4*u**2 + 2*u - 1. Let w be y(-3). Let c be 17 - (w - 5 - -2). Let p = c + -9. What is the remainder when 17 is divided by p?
8
Let q(o) = -11*o - 6. Suppose 0 = -4*m - 120 - 96. What is the remainder when q(-4) is divided by m/(-4) - 4/8?
12
Suppose 0*s + s - 27 = -u, u = -4*s + 12. What is the remainder when u is divided by 17?
15
Suppose -137 = -5*y + 13. What is the remainder when y is divided by 16?
14
Let r(h) = 5*h**2 + h + 7. Calculate the remainder when r(3) is divided by 30.
25
Suppose 0 = 4*h - h. Suppose 0 = -h*g + 2*g - 4. What is the remainder when g/(-2 - (-50)/24) is divided by 13?
11
Calculate the remainder when 12 is divided by 18/4 + (234/12)/(-13).
0
Let z = 176 + -115. Calculate the remainder when z is divided by 16.
13
Suppose -t + p + 69 = -0*p, 5*p = -4*t + 267. Let y = 4 - -14. What is the remainder when t is divided by y?
14
Let l(s) = s + 3. Let t be l(-3). Let u be (0 + t)/(-5 + 3). What is the remainder when 4 is divided by u + -2 + (-16)/(-4)?
0
Let k be -4*-3*1/3. Suppose -k*n = -2*g - 44, -58 = -5*n - g + 2*g. Calculate the remainder when n is divided by 7.
5
Let b(i) = i**2 - 4*i + 2. What is the remainder when 42 is divided by b(7)?
19
Suppose -z = 3*z + 2*o - 62, -3*o = 5*z - 79. What is the remainder when 54 is divided by z?
12
Let w = -71 + 172. What is the remainder when w is divided by 21?
17
Suppose -3*r = d - 93, -2*r + 62 = -d - d. Calculate the remainder when 90 is divided by r.
28
Let d(t) = -16*t - 45. What is the remainder when d(-5) is divided by 15?
5
Suppose 3*k + 27 = 7*a - 3*a, -3*a + 14 = -k. Suppose 5*t + 7*w = a*w + 276, -1